{"id":11,"date":"2018-08-29T02:09:13","date_gmt":"2018-08-29T00:09:13","guid":{"rendered":"http:\/\/molihua.de\/ingolf\/wordpress\/?page_id=11"},"modified":"2020-05-13T03:56:42","modified_gmt":"2020-05-13T01:56:42","slug":"startseite","status":"publish","type":"page","link":"https:\/\/ingolf-baur.de\/","title":{"rendered":"Mein neuester Dokumentarfilm"},"content":{"rendered":"\n<figure class=\"wp-block-image is-resized\"><img loading=\"lazy\" decoding=\"async\" src=\"http:\/\/molihua.de\/ingolf\/wordpress\/wp-content\/uploads\/2020\/05\/ingolfbaurfilm-1024x576.jpg\" alt=\"Ingenieure schrauben am Klima\" class=\"wp-image-1457\" width=\"1024\" height=\"576\" srcset=\"https:\/\/ingolf-baur.de\/wp-content\/uploads\/2020\/05\/ingolfbaurfilm-1024x576.jpg 1024w, https:\/\/ingolf-baur.de\/wp-content\/uploads\/2020\/05\/ingolfbaurfilm-300x169.jpg 300w, https:\/\/ingolf-baur.de\/wp-content\/uploads\/2020\/05\/ingolfbaurfilm-768x432.jpg 768w\" sizes=\"auto, (max-width: 767px) 89vw, (max-width: 1000px) 54vw, (max-width: 1071px) 543px, 580px\" \/><\/figure>\n\n\n\n<h3 class=\"wp-block-heading\">Ingenieure schrauben am Klima<\/h3>\n\n\n\n<p>K\u00f6nnen wir gezielt das Klima manipulieren, um die Erw\u00e4rmung zu begrenzen? Das war die Ausgangsfrage, um die M\u00f6glichkeiten des Geonengineering zu  diskutieren. Diese Technologien sind interessant, manche verr\u00fcckt und einige unvermeidbar. Am meisten beeindruckt hat mich aber die Begegnung mit derjenigen, die \u00fcberhaupt nicht glaubt, dass Technik uns retten  kann. Kris Tompkins. Ehemalige CEO von Patagonia, die in S\u00fcdamerika mittlerweile eine Region so gro\u00df wie die Schweiz in Nationalparks verwandelt hat. <a href=\"https:\/\/www.3sat.de\/wissen\/wissenschaftsdoku\/ingenieure-schrauben-am-klima-100.html\">Zum Video auf 3sat.<\/a><\/p>\n\n\n\n<div style=\"height:30px\" aria-hidden=\"true\" class=\"wp-block-spacer\"><\/div>\n","protected":false},"excerpt":{"rendered":"<p>Ingenieure schrauben am Klima K\u00f6nnen wir gezielt das Klima manipulieren, um die Erw\u00e4rmung zu begrenzen? Das war die Ausgangsfrage, um die M\u00f6glichkeiten des Geonengineering zu diskutieren. Diese Technologien sind interessant, manche verr\u00fcckt und einige unvermeidbar. Am meisten beeindruckt hat mich aber die Begegnung mit derjenigen, die \u00fcberhaupt nicht glaubt, dass Technik uns retten kann. Kris &hellip; <\/p>\n<p class=\"link-more\"><a href=\"https:\/\/ingolf-baur.de\/\" class=\"more-link\"><span class=\"screen-reader-text\">\u201eMein neuester Dokumentarfilm\u201c <\/span>weiterlesen<\/a><\/p>\n","protected":false},"author":1,"featured_media":0,"parent":0,"menu_order":0,"comment_status":"closed","ping_status":"closed","template":"","meta":{"inline_featured_image":false,"footnotes":""},"class_list":["post-11","page","type-page","status-publish","hentry"],"_links":{"self":[{"href":"https:\/\/ingolf-baur.de\/index.php\/wp-json\/wp\/v2\/pages\/11","targetHints":{"allow":["GET"]}}],"collection":[{"href":"https:\/\/ingolf-baur.de\/index.php\/wp-json\/wp\/v2\/pages"}],"about":[{"href":"https:\/\/ingolf-baur.de\/index.php\/wp-json\/wp\/v2\/types\/page"}],"author":[{"embeddable":true,"href":"https:\/\/ingolf-baur.de\/index.php\/wp-json\/wp\/v2\/users\/1"}],"replies":[{"embeddable":true,"href":"https:\/\/ingolf-baur.de\/index.php\/wp-json\/wp\/v2\/comments?post=11"}],"version-history":[{"count":24,"href":"https:\/\/ingolf-baur.de\/index.php\/wp-json\/wp\/v2\/pages\/11\/revisions"}],"predecessor-version":[{"id":1612,"href":"https:\/\/ingolf-baur.de\/index.php\/wp-json\/wp\/v2\/pages\/11\/revisions\/1612"}],"wp:attachment":[{"href":"https:\/\/ingolf-baur.de\/index.php\/wp-json\/wp\/v2\/media?parent=11"}],"curies":[{"name":"wp","href":"https:\/\/api.w.org\/{rel}","templated":true}]}}